- 2. Determine l(a).
0
Let t(q) = -q**2 - 6*q + 2. Suppose -16 + 4 = -3*r. Suppose r = 4*f, 0 = n - 5*n + 5*f + 3. Suppose -3*b - n*b - 25 = 0. Give t(b).
7
Let d(a) = -a**2 + 7*a + 7. Let p(x) = -1. Let m(i) = d(i) + 4*p(i). Give m(7).
3
Let m(x) = -x**2 - 2*x + 4. Let n be m(-3). Let p(f) = 3*f + 0*f + 5 - 4*f - n. Give p(6).
-2
Suppose 3 = p + 2, 16 = -3*x - 2*p. Let f(n) = n**3 + 6*n**2 + n - 3. Determine f(x).
-9
Let x = -2 + 3. Let n(v) = -2*v - 4. Let m(g) = -g. Let b(z) = x*n(z) - m(z). Give b(-5).
1
Let z = 14 - 20. Let b(x) = -2*x**2 + 10*x + 5. Let g(s) = s**2 - 9*s - 6. Let a(w) = 2*b(w) + 3*g(w). Determine a(z).
-2
Let n(x) = x**2 + x - 3. Let s(y) = y**3 + 6*y**2 + 6*y + 8. Let t be s(-5). What is n(t)?
9
Let h(w) = w**2 + 4*w**2 - 4*w**2 - w**3 - 2*w - 4*w**2. Calculate h(-2).
0
Let o(g) = 3 + 0 - 8*g + 2*g. Let v(n) = -12*n + 5. Let f(s) = 7*o(s) - 4*v(s). Calculate f(1).
7
Let o = -10 - -13. Let i(b) be the second derivative of -2/3*b**o - 3/2*b**2 + 0 + 1/12*b**4 + 2*b. Give i(-2).
9
Let m(s) = s**2. Let z(n) = -n**3 - 10*n**2 + 7*n - 1. Let r(b) = -5*m(b) - z(b). Give r(-6).
7
Let i(x) = 0 + 0*x - x - 9 + 1. Calculate i(-7).
-1
Let q(z) = z**3 + 4*z**2 - 3. Let v be q(-3). Let w(b) = b**2 - 3*b - 7. Determine w(v).
11
Let h(d) = d + 17. Let z be h(-13). Let s(l) = l**2 - 4*l + 1. Calculate s(z).
1
Let k(b) = -3*b - 2. Let w be 1 - 3/3 - -6. Suppose 4*y - y = -w. Give k(y).
4
Let d(w) = w**2 + 5*w + 5. Let i(t) = -t - 1. Let g(s) = -d(s) - 6*i(s). Let x = 42 - 44. Determine g(x).
-5
Let s(m) = -m**2 + 4*m - 2. Suppose 0 = -5*z + 10 + 15. What is s(z)?
-7
Suppose -9*d + 4*d = 0. Let x(f) = 5*f**3 + 4*f**2 - 3*f - 4. Let y(s) = 12*s**3 + 9*s**2 - 7*s - 8. Let h(o) = 7*x(o) - 3*y(o). Determine h(d).
-4
Let k = -10 + 15. Suppose 6*t + 4*y - 16 = 2*t, -k*y = 4*t - 21. Let v(b) = -b + 1. Calculate v(t).
2
Suppose 4*c - 2*c + 14 = 0. Let f = c + 16. Let p(k) = 5*k - 4*k - k - f + k. Determine p(0).
-9
Let x(u) be the third derivative of u**6/120 - 7*u**5/60 + 7*u**4/24 - 3*u**3/2 - 2*u**2. What is x(6)?
-3
Suppose 2*o + 6 = 0, -3*o = 4*b - 6*b + 3. Let l be b + 5 - (2 - 2). Let i be -5*l*(-6)/(-15). Let w(y) = y**2 + 6*y + 5. Determine w(i).
-3
Let k(x) = -1 - 4 + x + 3. Let w(g) = 4*g + 1. Let u be w(-1). Determine k(u).
-5
Let n be (-4)/(-12) - (-23)/3. Suppose 4*a = 52 - n. Suppose 4*l + a = z, -5*z = l - 10 - 3. Let r(k) = -k**3 + 2*k**2 + 4. Determine r(z).
-5
Suppose 7*o = -6 + 34. Let x(t) = -3*t - 4. Give x(o).
-16
Let o be (-2)/(-3) - 11/3. Let s(b) = -2*b + 14*b**2 + 26*b**2 - 3 - 41*b**2. Give s(o).
-6
Let g be (4/(-12))/((-1)/3). Let w(z) be the second derivative of -13*z**3/6 + z**2/2 - 5*z. Calculate w(g).
-12
Let m(p) be the first derivative of -p**2/2 + 4*p + 1. Let t be 1/(-3) - (-1)/3. Let b be 4 + t + -2 - -2. Determine m(b).
0
Let l(y) be the second derivative of -y**4/12 - y**3 + 5*y**2/2 + 18*y. Determine l(-7).
-2
Suppose 4*j - 16 = -w, -6*j + 2*j + 16 = 0. Let b(g) be the first derivative of -g**3/3 - g**2/2 + 3*g - 1. What is b(w)?
3
Let b(f) = -f + 1. Let l(o) = 8*o - 3. Let r(m) = -6*b(m) - l(m). Determine r(-4).
5
Let y(o) = -o - 3. Suppose 5*g = 2*g + 3*b - 84, 2*b - 10 = 0. Let r = g - -42. Suppose -4 = -3*c - r. Determine y(c).
2
Let k(w) = -w**3 + 2*w**2 + 1. Let s(m) = 2*m**2 - 2*m. Suppose -6 = d + 4*g, 2*d - 3*d + 2*g + 6 = 0. Let j be s(d). Let i = 6 - j. Calculate k(i).
1
Let y(c) be the third derivative of -c**5/30 + c**4/12 + 2*c**3/3 - 2*c**2. Calculate y(3).
-8
Let b(m) = 2*m**2 - 5*m - 7. Suppose -5*p + 5 = 0, 17 = 3*w + p + 1. Calculate b(w).
18
Suppose 5*k + 4*x - 20 = 0, 4*k - 2*x - 2*x - 16 = 0. Let m(z) = z - k + 2 - 2*z - 1. Let b = 13 - 18. Calculate m(b).
2
Let c(n) = n - 5. Let m be -1 + 1 - 4/(-2). Let l(b) = 1 + 2*b**2 - 5*b**m - 3*b**2. Let i be l(1). Calculate c(i).
-10
Let b(o) = -o + 1. Let v(q) = 7*q - 6. Let t(u) = -5*b(u) - v(u). Calculate t(5).
-9
Suppose -o - 2 = 0, 5*v + 0*o = -2*o + 26. Let h(f) = f**2 - 7*f - 6. What is h(v)?
-12
Let a(h) be the third derivative of -h**5/120 + h**4/12 - 2*h**3/3 - 6*h**2. Let t(p) be the first derivative of a(p). Give t(-4).
6
Let w(s) = -s**2 + 4*s - 2. Let l be w(3). Suppose 16 = 3*q + 1. Let o(u) = 3*u + u - q*u + 0*u - 1. Give o(l).
-2
Let j be (-3)/(-9)*0 + 1. Suppose -41 = 5*h - j. Let c = h + 5. Let f(d) = -d - 2. Calculate f(c).
1
Suppose -r - 2 = -4. Let g(v) = -v**r + 3*v + 1 - 2 - 5*v - 4*v. Calculate g(-4).
7
Let a(v) = -v - 4. Suppose 4*n + 4 = -2*t, -32 = 6*t - t - n. Let o be a(t). Suppose -o*m = -m. Let j(k) = k**2 - k. Calculate j(m).
0
Suppose 0*s = -4*s + 8. Let x(f) = 3. Let p be 57/15 + (-2)/(-10). Let r(m) = -m. Let b(g) = p*r(g) + x(g). Determine b(s).
-5
Let f(g) = -g - 1. Let i(r) = 4*r - 3. Let a(x) = 5*f(x) + i(x). Determine a(-5).
-3
Let a(y) = -5*y**3 - 2*y**2 + 2*y - 1. Let p be 2/6 + (-57)/9. Let l be (-2 - (0 + p)) + -3. Determine a(l).
-6
Let v(a) = 4*a. Let w be (2/6)/(14/84). Suppose -3*m + 0*m - 5*q = -4, w*m + q = -2. Determine v(m).
-8
Let k(m) = -5*m**3 - 7*m**2 + m - 9. Let n(g) = -14*g**3 - 21*g**2 + 4*g - 26. Let l(j) = -17*k(j) + 6*n(j). Calculate l(6).
3
Suppose 0 = -3*o - 23 + 5. Let d = o - -7. Let r(x) = 10*x**3 - 2*x**2 + x. Calculate r(d).
9
Suppose -p + 4*o = 13, -3*p + o + 5 + 0 = 0. Let s(m) = -2*m - 2. Calculate s(p).
-8
Let m(x) = x + 1. Let l(u) = 3*u + 3. Let y(v) = -4*l(v) + 11*m(v). Let c be y(-3). Let k(d) = -c*d**3 - 3*d**2 - 2 - 3*d - 1 + 0. Determine k(-2).
7
Let s(i) be the first derivative of i**4/4 + 4*i**3/3 - i**2 - 6*i + 1. Calculate s(-4).
2
Let m(t) = -t**2 + 5*t. Let w be m(4). Suppose 0*o + w*x = o + 22, -5*o = -4*x + 46. Let c(a) = -a. Calculate c(o).
6
Suppose 4*j + 4*z - 32 = 0, 16 = j + 2*j + z. Suppose 0 = g + j - 6. Let t(m) = m**3 - 3*m**2 - 2*m + 2. Calculate t(g).
-6
Let i(t) = 5*t + 53. Let y be i(-10). Let l(o) be the first derivative of o + 2*o**y - 1/4*o**4 - 4 - 7/2*o**2. Give l(5).
-9
Suppose -5*v + 8 = 2*g, -3*v + 13 = -3*g + 2*v. Let z(o) = 3*o + 3. Let a(n) = -3*n + 1 - 3 - 2. Let y(f) = 4*a(f) + 5*z(f). What is y(g)?
-4
Let v(m) = -m**2 - 4*m - 4. Let s be (-19)/4 - (-3)/4. Determine v(s).
-4
Let x = -10 - -15. Let c = 12 + -9. Suppose -c*u + 2 = x. Let f(j) = -5*j**3 - 2*j - 1. Determine f(u).
6
Let s(v) be the first derivative of 2*v**2 + 3. Determine s(2).
8
Let n be 25/2 + 6/(-4). Let z(j) = 16*j**2 - 2*j + 5 + j**3 + 7*j - n*j**2. Give z(-4).
1
Let n(g) = -1 - 4*g - 2*g + 6*g**2 + 5*g + 0*g**2. Let a = 20 - 13. Suppose 0*d - a = -3*x + 2*d, 0 = -3*x - 3*d - 18. Determine n(x).
6
Let u be -6*9/30 - 3/15. Let c(v) = -v + 1. Give c(u).
3
Suppose l + 2 = 5. Let r = 12 + -10. Let a(i) = i**2 + i**r - l - 3*i - 3*i**2. What is a(-3)?
-3
Let r(i) = -i**2 + 1. Let x(w) = 0*w**2 + 10 + 13*w - 6*w - w**2. Let m be x(8). Calculate r(m).
-3
Let d(l) = -l**3 - 7*l**2 - 7. Let y be d(-7). Let x = 18 - 6. Let a = x + y. Let h(u) = -u**2 + 4*u + 6. Determine h(a).
1
Let u be (12/(-15))/((-2)/5). Let l(s) = 3*s + 3*s + s**u + 0*s**2 + 3. Determine l(-5).
-2
Let f(g) = -g**2 + g. Let r(k) = 2 - 5*k - 2*k**2 + 9*k**2 + 0*k**2. Let m(d) = 6*f(d) + r(d). Let o be (-2)/(-8) + 3/(-12). Calculate m(o).
2
Let o(t) = -t + 6. Suppose -f - a - 5 = -2*f, -3*a - 1 = 4*f. Let u be ((-1)/2)/(f/(-8)). Suppose u*j = -3*j + 15. Give o(j).
3
Let s(q) = 3*q. Let k = 13 - 11. What is s(k)?
6
Let a(g) = -5*g**3 - g**2 + 2*g - 3. Let p(l) = -6*l**3 - 2*l**2 + 2*l - 3. Let i(k) = -7*a(k) + 6*p(k). Calculate i(-3).
-9
Let z(f) be the first derivative of 5/3*f**3 - 5 - 1/4*f**4 - 5/2*f**2 + 2*f. Give z(4).
-2
Let u(o) be the third derivative of -o**4/24 - o**3 - o**2. Let k be u(-5). Let w(n) = 2. Let m(y) = -y + 3. Let f(s) = -3*m(s) + 5*w(s). What is f(k)?
-2
Let f(q) be the third derivative of 0*q - 2*q**2 + 0 - 1/24*q**4 - 1/6*q**3 - 1/60*q**5. Give f(-1).
-1
Let g be 40/24 + (-2)/(-6). Suppose -2*t = 2*i - 0*i + 8, 5*t + 11 = -g*i. Let b(p) be the third derivative of -5*p**4/24 - 2*p**2. Calculate b(t).
5
Let v be (-2 - 0)*(-6)/4. Let c = 9 - 6. Let f(q) = c*q - 6 - 3*q + q. What is f(v)?
-3
Let n(t) = -t - 1. Let s(m) = -11*m**2 + 15*m + 25. Let f(y) = 5*y**2 - 7*y - 12. Let v(q) = 13*f(q) + 6*s(q). Let j(u) = 3*n(u) - v(u). Give j(4).
11
Let c(n) = 8 + n + 7 + 2*n - 11. G